t is the greatest common divisor of 2 and d?
2
Let m(b) = 48*b**3 - 3*b**2 + 1. Let x be m(1). Calculate the greatest common divisor of x and 69.
23
Suppose -4*q + 3 = -1. Let j be q*-13*1*-1. What is the greatest common divisor of j and 130?
13
Let v be 3 - ((-75)/5 - 1). Calculate the greatest common divisor of 152 and v.
19
Let i(x) = x**3 - x**2 + 2*x + 1. Let k be i(2). Let f = k + -15. Let d be ((-39)/f)/((-1)/(-2)). Calculate the highest common divisor of 91 and d.
13
Suppose 0 = -k + 4*z - 5, -6*k + 29 = -k - 2*z. Let b = 12 - k. Suppose 0 = -b*a, 2*f + 4*a - 168 = -f. What is the greatest common divisor of f and 7?
7
Let a = 20 - -89. Let l be (0 + 3)/3*a. Let b = l - 73. Calculate the greatest common factor of 9 and b.
9
Let s = -2 + 3. Suppose l = s, 0 = -2*w + 6*w + l - 57. Let q = 218 - 78. Calculate the greatest common divisor of w and q.
14
Let h = -4 + 6. Let n(d) = d**2 - d - 1. Let x be n(h). Calculate the highest common divisor of 3 and x.
1
Let f be ((-175)/2)/(-1) + 1/2. What is the highest common factor of f and 11?
11
Let n be -1*3*(-168)/9. Calculate the greatest common divisor of n and 7.
7
Let i be (11/1)/((-2)/(-4)). Suppose -6*y + 424 = -236. Calculate the highest common factor of i and y.
22
Suppose 0 = 5*s - v - 5, 5*s - s + 2*v = 4. Let t be 1*((2 - -2) + s). Calculate the highest common divisor of 55 and t.
5
Let t(b) = 5*b. Let f be t(5). Suppose -f = -2*z + 9. Calculate the highest common factor of 85 and z.
17
Let m be (-6 + 3 - 11)*-1. Let b be (2/(-2))/((-2)/m). Let h(a) = a**2 - 3*a - 3. Let u be h(4). What is the highest common factor of b and u?
1
Let y(m) = m**3 - 7*m**2 + 4*m - 10. Let q be y(7). Suppose 0*b = 3*b - q. Let r be b/(-3)*1 + 16. What is the greatest common divisor of 154 and r?
14
Suppose 0*i - 5 = 2*s - i, 2*s + 2*i + 20 = 0. Let z(d) = d**3 + 6*d**2 + 5*d + 3. Let o be z(s). What is the greatest common factor of 33 and o?
3
Let d be (-4)/(-6)*(-6)/(-4). Let l be ((-2)/5)/(d/(-30)). What is the greatest common factor of 132 and l?
12
Suppose -5*t = -t - 48. Calculate the highest common factor of 30 and t.
6
Let p(r) = -2*r + 16. Let k be p(-14). Calculate the highest common divisor of 110 and k.
22
Suppose 8*f = 14 + 42. Calculate the greatest common divisor of 14 and f.
7
Suppose 2*p - 24 = 24. What is the greatest common factor of 36 and p?
12
Suppose -4*o + 613 + 179 = 0. Let c = -34 + 52. What is the greatest common factor of o and c?
18
Let s(v) = v**3 + 3*v**2 - 2*v - 1. Let b be s(-3). Suppose 0 = -2*o - 3 + 7, 3*t + o = b. What is the greatest common divisor of 4 and t?
1
Suppose -2*m + 3*m - 55 = 0. Let k = -7 + 12. What is the greatest common factor of k and m?
5
Suppose 2*q - 10*q = -320. What is the greatest common divisor of q and 280?
40
Suppose 5*r - 36 = 2*b, 2*r = 4*b + 8 + 16. What is the highest common divisor of r and 42?
6
Let s(p) = p**3 - p**2 + p + 2. Let c be -9 + 2 - (-1 - 0). Let r = -4 - c. Let g be s(r). Calculate the highest common factor of 56 and g.
8
Suppose 4 = k + y - 4, -3*y = 2*k - 21. Suppose 3*s - 31 = -4*f - 1, -k*f + s + 29 = 0. Calculate the greatest common divisor of 36 and f.
9
Let z(w) = -w**3 + 5*w**2 - 5*w + 5. Let d be z(4). Let q be (6/20)/((-3)/(-30)). Calculate the highest common factor of q and d.
1
Suppose -25*v + 24*v = -12. Calculate the greatest common factor of 8 and v.
4
Suppose -n + 3 = 1. Suppose -n*q - 14 + 2 = 0. Let m(l) = -l - 2. Let w be m(q). Calculate the greatest common divisor of w and 12.
4
Let r(m) = -2*m**2 - 2*m - 10. Let b(y) = -3*y**2 - y - 11. Let f(i) = 3*b(i) - 4*r(i). Let d be f(5). What is the greatest common divisor of d and 7?
7
Suppose 2*n = -d + 3 + 5, 0 = 3*n - 5*d + 14. What is the greatest common divisor of n and 38?
2
Suppose 0*y - y = -165. Let i be (-2)/3 + (-47)/(-3). Calculate the highest common divisor of i and y.
15
Suppose 6 = -l + 9. Calculate the highest common factor of l and 3.
3
Suppose 5*i + 210 = 5*f, 2*f - 37 = -i + 56. Suppose 2*t - 65 - 11 = 0. Let l = t + -23. What is the greatest common factor of f and l?
15
Suppose 0*b - 3*b = -9. Let g be (-12)/(-8)*(5 - 3). Calculate the greatest common divisor of b and g.
3
Let v be (6/15)/((-1)/(-5)). Let a(u) = 0*u**2 + 6*u - 3 + 3*u**v - u**2. Let n be a(5). What is the greatest common divisor of 11 and n?
11
Suppose 2*g + 0 = 4. Let j be (8 - 3)*2/5. Let n(i) = i. Let s be n(j). What is the highest common factor of s and g?
2
Let l(v) = -52*v**3 + v**2 - 1. Let n be l(-1). Let t be 6/15*(215 + 0). Let p = t - n. Calculate the greatest common divisor of 17 and p.
17
Let l = 7 - 3. Suppose -l*g = 5*a - 8, -3*a = g + 2 + 3. Calculate the greatest common factor of 35 and g.
7
Let d(x) = -x**2 - 8*x - 5. Let y be d(-6). Let r be (-4 - -3)/((-5)/70). Let j = r - y. Calculate the greatest common divisor of 77 and j.
7
Let f(y) = -y**2 - 6*y + 4. Let l be f(-5). Let x = 20 + -14. Let c = 12 - x. Calculate the highest common divisor of l and c.
3
Suppose -i + 136 = 4*s - 10, -3*i = -4*s + 138. Let j be 2940/s + (-2)/3. What is the highest common divisor of j and 9?
9
Let j(b) be the first derivative of 11*b**2 - b - 2. Let y be j(1). Calculate the highest common divisor of y and 105.
21
Suppose -3*s - 3*a = 15, -2*s - 3*s - 15 = 3*a. Suppose 3*b = 5*j - 166, s = b + 2. Suppose -36 = -2*k - 4. What is the greatest common divisor of k and j?
16
Suppose -3*m = -33 - 6. Suppose -2*o - m = -h, -16 = -3*h + 2*o + 3. What is the highest common factor of 21 and h?
3
Let s(x) = -x**2 - 2*x. Let l be s(-2). Let r be 3 - -5 - l/(-1). Calculate the highest common divisor of r and 20.
4
Suppose -4*g = -9*g. Suppose g = 2*h - 5*a - 20, 2*a = 4*h + 5*a - 92. What is the highest common divisor of 30 and h?
10
Suppose 9 = -d + 2*d. Let y be ((-4)/6)/(6/(-9)). Suppose 2*x - y = 5. Calculate the highest common factor of x and d.
3
Let o = 386 + -218. What is the greatest common divisor of o and 12?
12
Let t = -78 + 40. Let k = -22 - t. Suppose -2*m = -3*u - 37, -m + 5*u + k = -13. Calculate the greatest common factor of m and 126.
14
Let f be 3*2/24*4. Calculate the greatest common divisor of f and 8.
1
Let b = -82 + 84. Suppose -5*j = -3*j + x - 29, 3*j - 45 = -3*x. What is the greatest common divisor of j and b?
2
Let u = -284 + 471. Calculate the highest common divisor of u and 11.
11
Let b(v) = -49*v - 6. Let c be b(-4). Suppose 4*i + 22 = 2*k, 55 = 5*k + 2*i - 48. Calculate the highest common divisor of k and c.
19
Let g be -1*3*(-1 - 0). Suppose -g*y - 385 = -8*y. Let d = 1 - -6. What is the highest common divisor of y and d?
7
Let z(y) = y**3 + 6*y**2 - 6*y + 2. Let t be z(-7). Let m be (-1 + -1)*t*2. Calculate the highest common factor of m and 5.
5
Suppose 5*h - 18 = 12. Calculate the highest common factor of 3 and h.
3
Suppose -2*j = -5*k + 414, j = 5*j - 12. What is the greatest common divisor of 12 and k?
12
Let x(r) = r**2 + 2*r + 1. Let y be x(2). Let m = y - 3. Suppose 211 = 5*n + 1. What is the greatest common factor of n and m?
6
Suppose -4*l = -6*l - o - 68, 4*o = -2*l - 56. Let f = -19 - l. Let x = 32 - f. What is the highest common factor of x and 135?
15
Suppose 5*y = -13*c + 14*c - 257, -5*y = -5*c + 1225. What is the highest common factor of 22 and c?
22
Let v be (-1)/(1/56*-2). Let i = 41 - v. Let w = 30 + 35. What is the highest common factor of w and i?
13
Let c be 20/12 - 2/(-6). What is the greatest common factor of 2 and c?
2
Let k(y) = -y**3 + 5*y**2 + y - 5. Let c be k(4). Suppose 5*t - c = j, t - 4*j - 3 = -0*j. Let v = t + 3. What is the greatest common factor of 6 and v?
6
Let f(k) = -3*k**3 - 3*k**2 - 2. Let s be f(-3). Suppose s = -4*a - 0*a. Let g = 23 + a. What is the greatest common divisor of g and 90?
10
Let s = -75 - -97. What is the highest common factor of s and 242?
22
Let m = -189 + 301. Suppose 4*s = -4*b, s + 0*s = 0. Suppose -2*h - 46 = -4*z, -2*h + 80 = 5*z - b*h. Calculate the greatest common factor of m and z.
14
Let z(h) = h. Let d(a) = 16*a - 3. Let s(j) = d(j) + 3*z(j). Let x be s(2). Suppose 2*t = 8, 2*n = -5*t + 21 + x. What is the highest common factor of n and 2?
2
Suppose 3*t + 4*s - 5 = 0, 0 = -4*t + 3*s + 11 + 4. Calculate the greatest common divisor of 24 and t.
3
Suppose -2*f - 5 = -3*j, 6 - 5 = 3*j -